{"id":6,"date":"2019-05-14T19:20:32","date_gmt":"2019-05-14T19:20:32","guid":{"rendered":"https:\/\/beta.delia-dickmann.com\/?page_id=6"},"modified":"2022-08-27T08:46:09","modified_gmt":"2022-08-27T08:46:09","slug":"home","status":"publish","type":"page","link":"https:\/\/www.delia-dickmann.com\/","title":{"rendered":"home"},"content":{"rendered":"<div  class=\"one withsmallpadding ppb_text\" style=\"padding:30px 0 30px 0;\" >\n<div class=\"standard_wrapper\">\n<div class=\"page_content_wrapper\">\n<div class=\"inner\">\n<div style=\"margin:auto;width:100%\">\n<p id=\"hanami\">\n<\/div>\n<\/div>\n<\/div>\n<\/div>\n<\/div>\n<div  class=\"one withsmallpadding ppb_header \" style=\"text-align:left;padding:30px 0 30px 0;\" >\n<div class=\"standard_wrapper\">\n<div class=\"page_content_wrapper\">\n<div class=\"inner\">\n<div style=\"margin:auto;width:100%\">\n<h2 class=\"ppb_title\" style=\"\">HANAMI \u2013 JAPAN<\/h2>\n<div class=\"page_header_sep left\"><\/div>\n<\/p>\n<p class=\"p1\" style=\"text-align: center;\">Das Erleben der japanischen Kirschbl\u00fcte beschreibt Delia Dickmann als den Besuch in einer Traumwelt. Die Bl\u00fctenpracht ist nur f\u00fcr kurze Zeit ein Wunder der Natur. Da die Bl\u00fctentuffs sehr fein und zerbrechlich sind, reduziert jeder Windhauch dieses faszinierende Bild. Sie sagt, man fotografierte regelrecht gegen die Verg\u00e4nglichkeit, um die Sch\u00f6nheit des Moments f\u00fcr immer festzuhalten. Im Atelier \u00fcberlegte die K\u00fcnstlerin, wie sie bildlich ihre Empfindungen durch Formen und Farben in ihren Arbeiten ausdr\u00fccken kann.<\/p>\n<\/div>\n<\/div>\n<\/div>\n<\/div>\n<\/div>\n<div  class=\"one withsmallpadding ppb_header \" style=\"text-align:left;padding:30px 0 30px 0;\" >\n<div class=\"standard_wrapper\">\n<div class=\"page_content_wrapper\">\n<div class=\"inner\">\n<div style=\"margin:auto;width:100%\">\n<h2 class=\"ppb_title\" style=\"\">HANAMI \u2013 JAPAN<\/h2>\n<div class=\"page_header_sep left\"><\/div>\n<\/p>\n<p class=\"p1\" style=\"text-align: center;\">Das Erleben der japanischen Kirschbl\u00fcte beschreibt Delia Dickmann als den Besuch in einer Traumwelt. Die Bl\u00fctenpracht ist nur f\u00fcr kurze Zeit ein Wunder der Natur. Da die Bl\u00fctentuffs sehr fein und zerbrechlich sind, reduziert jeder Windhauch dieses faszinierende Bild. Sie sagt, man fotografierte regelrecht gegen die Verg\u00e4nglichkeit, um die Sch\u00f6nheit des Moments f\u00fcr immer festzuhalten. Im Atelier \u00fcberlegte die K\u00fcnstlerin, wie sie bildlich ihre Empfindungen durch Formen und Farben in ihren Arbeiten ausdr\u00fccken kann.<\/p>\n<\/div>\n<\/div>\n<\/div>\n<\/div>\n<\/div>\n<div  class=\"one withsmallpadding ppb_text\" style=\"padding:30px 0 30px 0;\" >\n<div class=\"standard_wrapper\">\n<div class=\"page_content_wrapper\">\n<div class=\"inner\">\n<div style=\"margin:auto;width:100%\">\n<hr>\n<\/div>\n<\/div>\n<\/div>\n<\/div>\n<\/div>\n<div  class=\"one withsmallpadding ppb_text\" style=\"padding:30px 0 30px 0;\" >\n<div class=\"standard_wrapper\">\n<div class=\"page_content_wrapper\">\n<div class=\"inner\">\n<div style=\"margin:auto;width:100%\">\n<p id=\"barbie\">\n<\/div>\n<\/div>\n<\/div>\n<\/div>\n<\/div>\n<div  class=\"one withsmallpadding ppb_header \" style=\"text-align:left;padding:30px 0 30px 0;\" >\n<div class=\"standard_wrapper\">\n<div class=\"page_content_wrapper\">\n<div class=\"inner\">\n<div style=\"margin:auto;width:100%\">\n<h2 class=\"ppb_title\" style=\"\">BABES ON TOUR<\/h2>\n<div class=\"page_header_sep left\"><\/div>\n<\/p>\n<p class=\"p1\">Delia Dickmann setzt in der Serie \u201eBebes on Tour\u201c ihre Models weltweit in Szene. Licht, D\u00fcfte und Locations beeinflussen ihre spontan entstehenden Arbeiten, Kleider und Accessoires findet sie in M\u00e4rkten und Gesch\u00e4ften der fernen L\u00e4nder. Die Inspiration zu dieser Idee gewann Sie bereits als sie selbst als internationales Fotomodel aktiv war.<\/p>\n<p class=\"p1\" style=\"text-align: center;\">Bilder dieser limitierten Serie sind in den Ma\u00dfen 30\u00d730 und 100\u00d7100 als Foto auf Alu Diabond zu erhalten.<\/p>\n<\/div>\n<\/div>\n<\/div>\n<\/div>\n<\/div>\n<div  class=\"one withsmallpadding ppb_header \" style=\"text-align:left;padding:30px 0 30px 0;\" >\n<div class=\"standard_wrapper\">\n<div class=\"page_content_wrapper\">\n<div class=\"inner\">\n<div style=\"margin:auto;width:100%\">\n<h2 class=\"ppb_title\" style=\"\">BABES ON TOUR<\/h2>\n<div class=\"page_header_sep left\"><\/div>\n<\/p>\n<p class=\"p1\">Delia Dickmann setzt in der Serie \u201eBebes on Tour\u201c ihre Models weltweit in Szene. Licht, D\u00fcfte und Locations beeinflussen ihre spontan entstehenden Arbeiten, Kleider und Accessoires findet sie in M\u00e4rkten und Gesch\u00e4ften der fernen L\u00e4nder. Die Inspiration zu dieser Idee gewann Sie bereits als sie selbst als internationales Fotomodel aktiv war.<\/p>\n<p class=\"p1\" style=\"text-align: center;\">Bilder dieser limitierten Serie sind in den Ma\u00dfen 30\u00d730 und 100\u00d7100 als Foto auf Alu Diabond zu erhalten.<\/p>\n<\/div>\n<\/div>\n<\/div>\n<\/div>\n<\/div>\n<div  class=\"one withsmallpadding ppb_text\" style=\"padding:30px 0 30px 0;\" >\n<div class=\"standard_wrapper\">\n<div class=\"page_content_wrapper\">\n<div class=\"inner\">\n<div style=\"margin:auto;width:100%\">\n<hr>\n<\/div>\n<\/div>\n<\/div>\n<\/div>\n<\/div>\n<div  class=\"one withsmallpadding ppb_text\" style=\"padding:30px 0 30px 0;\" >\n<div class=\"standard_wrapper\">\n<div class=\"page_content_wrapper\">\n<div class=\"inner\">\n<div style=\"margin:auto;width:100%\">\n<p id=\"professional\">\n<\/div>\n<\/div>\n<\/div>\n<\/div>\n<\/div>\n<div  class=\"one withsmallpadding ppb_header \" style=\"text-align:left;padding:30px 0 30px 0;\" >\n<div class=\"standard_wrapper\">\n<div class=\"page_content_wrapper\">\n<div class=\"inner\">\n<div style=\"margin:auto;width:100%\">\n<h2 class=\"ppb_title\" style=\"\">PEOPLE \/ ARCHITEKTUR<\/h2>\n<div class=\"page_header_sep left\"><\/div>\n<\/p>\n<p class=\"p1\" style=\"text-align: center;\">Mit der Erfahrung und Empathie einer umfangreichen Model-Karriere wechselte Delia Dickmann fr\u00fch auch hinter die Kamera. Bei ihren People Bildern moderiert sie Posen so, dass Personen ihre Pers\u00f6nlichkeit authentisch darstellen k\u00f6nnen. Auch bei Fotografien von Geb\u00e4uden und R\u00e4umen sucht sie nach dem Charakter und der Atmosph\u00e4re, um das gew\u00fcnschte Image zu transportieren.<\/p>\n<\/div>\n<\/div>\n<\/div>\n<\/div>\n<\/div>\n<div  class=\"one withsmallpadding ppb_header \" style=\"text-align:left;padding:30px 0 30px 0;\" >\n<div class=\"standard_wrapper\">\n<div class=\"page_content_wrapper\">\n<div class=\"inner\">\n<div style=\"margin:auto;width:100%\">\n<h2 class=\"ppb_title\" style=\"\">PEOPLE \/ ARCHITEKTUR<\/h2>\n<div class=\"page_header_sep left\"><\/div>\n<\/p>\n<p class=\"p1\" style=\"text-align: center;\">Mit der Erfahrung und Empathie einer umfangreichen Model-Karriere wechselte Delia Dickmann fr\u00fch auch hinter die Kamera. Bei ihren People Bildern moderiert sie Posen so, dass Personen ihre Pers\u00f6nlichkeit authentisch darstellen k\u00f6nnen. Auch bei Fotografien von Geb\u00e4uden und R\u00e4umen sucht sie nach dem Charakter und der Atmosph\u00e4re, um das gew\u00fcnschte Image zu transportieren.<\/p>\n<\/div>\n<\/div>\n<\/div>\n<\/div>\n<\/div>\n<div  class=\"one withsmallpadding ppb_text\" style=\"padding:30px 0 30px 0;\" >\n<div class=\"standard_wrapper\">\n<div class=\"page_content_wrapper\">\n<div class=\"inner\">\n<div style=\"margin:auto;width:100%\">\n<hr>\n<\/div>\n<\/div>\n<\/div>\n<\/div>\n<\/div>\n<div  class=\"one withsmallpadding ppb_text\" style=\"padding:30px 0 30px 0;\" >\n<div class=\"standard_wrapper\">\n<div class=\"page_content_wrapper\">\n<div class=\"inner\">\n<div style=\"margin:auto;width:100%\">\n<p id=\"infos\">\n<\/div>\n<\/div>\n<\/div>\n<\/div>\n<\/div>\n<div  class=\"one withsmallpadding ppb_header \" style=\"text-align:left;padding:30px 0 30px 0;\" >\n<div class=\"standard_wrapper\">\n<div class=\"page_content_wrapper\">\n<div class=\"inner\">\n<div style=\"margin:auto;width:100%\">\n<h2 class=\"ppb_title\" style=\"\">Delia Dickmann<\/h2>\n<div class=\"page_header_sep left\"><\/div>\n<\/div>\n<\/div>\n<\/div>\n<\/div>\n<\/div>\n<div  class=\"one\" style=\"padding:0px 0 0px 0;\" >\n<div class=\"standard_wrapper\">\n<div class=\"page_content_wrapper\">\n<div class=\"inner\">\n<div class=\"one_half content_middle animate textright\">Als gefeiertes Fotomodel war Delia Dickmann \u00fcber Jahrzehnte selbst Motiv f\u00fcr gro\u00dfe Fotokunst. Produktionen f\u00fcr Armani, Givenchy, Bogner, Zeiss und viele mehr, lie\u00dfen sie um die ganze Welt reisen. Sie lernte das Sehen durch die Augen vieler ber\u00fchmter Fotografen. Begegnungen mit Pers\u00f6nlichkeiten wie Gunter Sachs oder Onassis inspirieren sie, selber hinter der Kamera zu treten. Sehen lernen und die Welt begreifen, in ihrer Sch\u00f6nheit aber auch Verg\u00e4nglichkeit sind bis heute Triebfeder ihres eigenen k\u00fcnstlerischen Schaffens als Fotografin.<\/div>\n<div class=\"one_half last\"><\/div>\n<p><br class=\"clear\"\/><\/div>\n<\/div>\n<\/div>\n<\/div>\n","protected":false},"excerpt":{"rendered":"<p>HANAMI \u2013 JAPAN Das Erleben der japanischen Kirschbl\u00fcte beschreibt Delia Dickmann als den Besuch in einer Traumwelt. Die Bl\u00fctenpracht ist nur f\u00fcr kurze Zeit ein Wunder der Natur. Da die Bl\u00fctentuffs sehr fein und zerbrechlich sind, reduziert jeder Windhauch dieses [&hellip;]<\/p>\n","protected":false},"author":1,"featured_media":0,"parent":0,"menu_order":0,"comment_status":"closed","ping_status":"closed","template":"","meta":{"footnotes":""},"class_list":["post-6","page","type-page","status-publish","hentry"],"_links":{"self":[{"href":"https:\/\/www.delia-dickmann.com\/index.php?rest_route=\/wp\/v2\/pages\/6","targetHints":{"allow":["GET"]}}],"collection":[{"href":"https:\/\/www.delia-dickmann.com\/index.php?rest_route=\/wp\/v2\/pages"}],"about":[{"href":"https:\/\/www.delia-dickmann.com\/index.php?rest_route=\/wp\/v2\/types\/page"}],"author":[{"embeddable":true,"href":"https:\/\/www.delia-dickmann.com\/index.php?rest_route=\/wp\/v2\/users\/1"}],"replies":[{"embeddable":true,"href":"https:\/\/www.delia-dickmann.com\/index.php?rest_route=%2Fwp%2Fv2%2Fcomments&post=6"}],"version-history":[{"count":60,"href":"https:\/\/www.delia-dickmann.com\/index.php?rest_route=\/wp\/v2\/pages\/6\/revisions"}],"predecessor-version":[{"id":183,"href":"https:\/\/www.delia-dickmann.com\/index.php?rest_route=\/wp\/v2\/pages\/6\/revisions\/183"}],"wp:attachment":[{"href":"https:\/\/www.delia-dickmann.com\/index.php?rest_route=%2Fwp%2Fv2%2Fmedia&parent=6"}],"curies":[{"name":"wp","href":"https:\/\/api.w.org\/{rel}","templated":true}]}}